) = x**2 - 38*x + 68. What is g(h)?
-4
Let w be 2/1*(-20)/8. Let d be (4 + 1 + w)/(-2). Let r be (2 - d)/((-2)/(-3)). Let s(y) = 2*y**2 - 3*y - 3. Determine s(r).
6
Let p(j) = -j + 5 - j - 2. Suppose -380 = 7*o + 985. Let l = -193 - o. Calculate p(l).
-1
Let n(k) = 98*k**2 - 5*k - 28. Let x(c) = 11*c**2 - c - 2. Let m(p) = n(p) - 9*x(p). What is m(-5)?
-55
Let z(l) = -l**2 - 25*l + 132. Let a be z(-30). Let h(r) = -r**2 - 15*r + 53. What is h(a)?
-1
Let g = 410 - 235. Let c be (-1)/(3 - 530/g). Suppose 7*z + 0 = -c. Let b(k) = -k**2 - 3*k + 5. Give b(z).
-5
Let d(j) = j**2 - 21*j + 107. Let r be d(8). Let b(x) = -x**3 + r*x**2 - 7*x - 10*x + 38*x - 3 - 13*x - 6*x. Let m = 5 - 2. Calculate b(m).
3
Let q(c) = -c**2 + 15*c - 47. Suppose 44*v - 49*v = 2*a - 37, 2*v - 6 = 0. Calculate q(a).
-3
Let w(d) be the third derivative of -d**4/4 + 113*d**3/6 - 3*d**2 - 16*d. Give w(18).
5
Let z be 52/(-91) - 273/(-392). Let r(x) be the third derivative of 0 + 0*x + z*x**4 + 7/6*x**3 - 1/60*x**5 - 6*x**2. Give r(5).
-3
Suppose 106*t - 111*t = -5. Let n(d) = -d - 4. Let c(f) = -2*f + 17. Let h(g) = t*c(g) + 4*n(g). Determine h(-3).
19
Let i(w) be the first derivative of -w**4/12 + 11*w**3/6 - w**2/2 + 104*w + 122. Let y(n) be the second derivative of i(n). Determine y(5).
1
Let f be 1/((-2)/((-129)/3 - 3)). Let m be 3/(22 + -4) - f/(-6). Let q(z) = 5*z - 2*z + 11 + m*z**2 - z**3 - 12. Calculate q(3).
17
Let g(p) be the second derivative of -p**5/20 + p**4/4 + 5*p**3/3 + 3*p**2/2 - 4181*p. Give g(5).
3
Suppose 0 = -5*h + 5*j - 5, 3*j + 33 = -2*h + 101. Let y(z) = 4*z + 13. Let o(t) = 5*t + 13. Let c(a) = -6*o(a) + 7*y(a). What is c(h)?
-13
Let v(n) be the first derivative of -n**2/2 + n + 11. Let i be v(-5). Let a(t) = -4*t**3 + 3*t**3 + 10*t + 7*t**2 - 8 - 5*t**2 + 2*t**2. Give a(i).
-20
Let u(y) = -y**3 + 5*y**2 + 9*y - 12. Let a(m) = 5*m**3 - 24*m**2 - 45*m + 61. Let w(v) = 2*a(v) + 11*u(v). Let i(k) = 1239*k - 2470. Let t be i(2). Give w(t).
-2
Let v(a) be the first derivative of -11*a**5/120 - a**4/24 - 13*a**3/3 - 47. Let q(n) be the third derivative of v(n). Give q(-1).
10
Let r(q) = 4*q - 58. Suppose -9*u - 23*u + 480 = -0*u. Give r(u).
2
Let m be 5 - (38/9 - 2/9). Let i(q) = -q**3 - m + q**2 + 5*q**2 + 2*q + q - 2*q + 0*q. What is i(5)?
29
Let v(h) = -10*h**2 - 22*h - 2. Let f(r) = 10*r**2 + 27*r + 3. Let x(w) = -5*f(w) - 6*v(w). Calculate x(-1).
10
Let j(f) = -f**3 - 12*f**2 + 6. Let s be j(-13). Let i be (5/(-7) + 1)/(25/s). Let v(o) = -21*o + 20*o - 6*o**2 + 3*o**i. Calculate v(-1).
-2
Let s(j) = -13*j - 245. Let q(v) = v + 24. Let l(p) = -3*q(p) - s(p). Give l(-17).
3
Let y(s) = 3*s - 70. Suppose -106 - 878 = -41*l. What is y(l)?
2
Let t(h) = -h**3 + 7*h**2 + h - 5. Let n = 67 - 49. Suppose -3*u = -n + 9. Let v be (14/(-6))/((-1)/u). What is t(v)?
2
Let y = -13 - -18. Let m(x) = 4 - x**3 - 2 + 12*x + 0*x + 5*x**2 + 7*x - 23*x. Give m(y).
-18
Let w(m) be the second derivative of m**4/12 + m**3/6 - m**2 + 7*m. Let d = -34 + 53. Suppose d*y - 26*y + 14 = 0. What is w(y)?
4
Let n(b) = -b**3 - 9*b**2 - 27*b - 94. Let v be n(-7). Let f(j) = j**2 + 12*j + 20. Calculate f(v).
-7
Let i be (10/(-16))/((-16)/128). Suppose 19*m + i = 18*m. Let r(a) = a**3 + 6*a**2 + a - 7. Determine r(m).
13
Let u(l) = 30697*l - 30698*l + 15*l**2 + l**2. Give u(-2).
66
Let h(a) be the third derivative of a**8/4032 - a**7/5040 + 8*a**5/15 + 39*a**2 - 2. Let m(j) be the third derivative of h(j). What is m(-1)?
6
Suppose -5*o = -o. Let m be (-1 - o - -2) + (9 - 1). Let p(n) = -18*n - 1 + m*n + 6*n. Calculate p(1).
-4
Let v(f) = -f**2 + 2*f + 43. Let m = -5377 + 5371. Calculate v(m).
-5
Suppose -2*i - 20 = -5*w, w + 3*i = 10 - 23. Let d(o) = -19*o + 23. Determine d(w).
-15
Suppose -178 = 13*b + 3579. Let d = 282 + b. Let z(q) = q**3 + 7*q**2 + 4*q + 3. Give z(d).
-25
Let b(l) = -182*l + 7. Let i(g) = -394*g + 15. Let y(s) = -13*b(s) + 6*i(s). Calculate y(-6).
-13
Let l(v) = -v**3 + 4*v + 107. Let i be l(0). Let p(h) = 46 + 48 - h - i. What is p(0)?
-13
Let m(p) = -12*p + 47 - 4*p - 8*p**3 + 20*p**3 - p**2 - 5*p**2 - 11*p**3. Calculate m(7).
-16
Let v(d) = -d - 9. Let x(j) = -9 + 3 + 12 + 3 - 1 + 2*j. Let n(t) = -3*v(t) - 2*x(t). Let l(a) = a**3 - 6*a**2 + 5*a. Let b be l(5). What is n(b)?
11
Let c(m) = 7*m**2 - 16 - 4*m - 4*m**3 + 0*m - 3*m. Let d(j) = -3*j**3 + 5*j**2 - 5*j - 11. Let t(h) = 5*c(h) - 7*d(h). Give t(2).
5
Let u(x) = -35 + 69 - 2*x + 13*x**2 - x**3 - 43. Give u(13).
-35
Let p be 24/((11/(-22))/(1/(-2))). Suppose -p + 92 = 4*w. Let f(a) = w*a - 6 + 19 - a**2 - 9*a. Calculate f(9).
4
Let z = -4013 + 4009. Let o(d) = 2*d - 11. Let y(s) = 3*s + 32. Let f(m) = -m - 16. Let t(x) = -9*f(x) - 4*y(x). Let p(i) = -7*o(i) - 5*t(i). What is p(z)?
-7
Let h(a) = a - 5. Suppose 102*o = 109*o - 364. Suppose -45*x = -o*x. Determine h(x).
-5
Let f be (1*2)/((-2)/3). Let z(u) = -47*u - 6776. Let p be z(-144). Let k be (p/(-5))/((18/f)/30). Let b(h) = -h**2 - 8*h - 1. What is b(k)?
-1
Let o = 2 - 6. Let s(j) = -5*j - 413*j**2 + 2 - 6 + 0 + 410*j**2. What is s(o)?
-32
Let z(a) be the second derivative of 13*a**4/4 + a**3/6 + 18*a. Let p(f) = 4*f**2 + 31*f + 43. Let i be p(-6). What is z(i)?
40
Let q = 10 - -69. Suppose 4*i - 4 = -3*j, -4*j - 12 = -q*i + 80*i. Let v(a) be the third derivative of -a**4/24 - a**3/2 - a**2. Determine v(i).
-7
Let l(t) be the third derivative of -26*t**2 + 0*t**3 + 0 + 1/24*t**4 - 13/60*t**5 + 0*t. What is l(-1)?
-14
Let a(o) be the second derivative of o**4/12 - 9*o**3/2 + 3*o**2/2 + 3635*o. What is a(25)?
-47
Let n(t) = -60*t + 21*t + 17*t + 25 + 29 + 15*t. Let y be n(8). Let c(w) = -9*w**2 + 2*w + 1. Calculate c(y).
-39
Let k(q) be the third derivative of -q**5/60 - q**3 - 321*q**2 + 4. Suppose 4 + 8 = -o + 4*w, 4*o - 3*w + 9 = 0. Give k(o).
-6
Let l(j) be the third derivative of -j**5/60 + 13*j**4/12 - 113*j**3/6 + 22*j**2 + 61. Calculate l(22).
-25
Let z(n) be the third derivative of n**4/24 + n**3/3 - 1652*n**2. Give z(4).
6
Let k(v) = 16*v + 3. Suppose -144*i = 320*i - 49*i - 3320. Determine k(i).
131
Let g = -9 - -15. Let j be (-2)/g - 4/6. Let c(n) = -29*n - 37*n - 16*n**2 + 112*n - 12*n - 33*n. Calculate c(j).
-17
Let q(u) = -u**2 + u. Let m(l) = -l**2 - 7 + 1 + 2*l + 20. Let s(d) = m(d) + 2*q(d). Let v(b) be the first derivative of s(b). Calculate v(3).
-14
Suppose 6*a - 2*r = 2*a + 20, 0 = a - 3*r - 15. Let q(p) = 30*p**3 - 3*p**2 + 8*p - 5*p**2 - 29*p**a + 4. Give q(7).
11
Suppose 2858*p = 2843*p + 60. Let y(m) = -m**3 - m**2 - 5*m - 2. Determine y(p).
-102
Suppose 382*y = 387*y - 20, 0 = 3*b - y - 62. Let m(d) = d**2 - 21*d - 10. What is m(b)?
12
Let z(d) = 6*d**2 + d + 5*d + 1 + 0*d**2 - 6*d. Calculate z(1).
7
Let s(g) = g**3 + 4*g**2 + 3*g - 1. Let p be (-18)/15*(-5)/3. Let n be p/(-4)*-4*(-3)/6. Let l be 10/(-5) + n + 0. Give s(l).
-1
Let b(k) = -13*k - 6*k + 2*k + 18*k + 4. Let t be b(-2). Let j(u) = 2*u**2 - u + 1. Give j(t).
7
Suppose i - 6*i - 25 = 0. Let w = 12 + i. Let u(v) be the third derivative of -v**4/12 + 2*v**3/3 - 2*v**2 + 2*v. What is u(w)?
-10
Suppose 0 = -2*n + 3*f - 4, -4*f + 3 + 1 = -4*n. Let q be -3 + -3 + (0 + n - 4). Let x(j) = 5*j + 12. What is x(q)?
-33
Let p = 19022 - 19014. Let h(j) = -12*j + 75. What is h(p)?
-21
Suppose -26*g = -28*g. Let b = g - -3. Let n(i) = -2*i**2 + 2*i + 4. Determine n(b).
-8
Let r(f) = -4*f - 166. Let v be r(-45). Let m(i) = v + 13*i - 3*i + 1 + i**2 + 10 - 32. Determine m(-9).
-16
Let d(t) = 16*t**3 - 10*t**2 + 5. Let k(v) = -3*v**3 + 2*v**2 - 1. Let u(x) = 2*d(x) + 11*k(x). Let q be u(-1). Let m(y) = 6 + q + 4*y - 5. Give m(-2).
-5
Let h(t) = -t - 7. Suppose 0 = 5*p, -26 = -j - 4*p + 5*p. Let i = j + -26. Suppose -3*u = -w, i*w + 5*w + 3*u = 0. Calculate h(w).
-7
Let z(j) = j**2 - 4*j - 35. Let q(p) = 425*p - 7218. Let d be q(17). Calculate z(d).
-14
Let m(j) = j - 18. Let n be ((-224)/144)/(-5 + (-86)/(-18)). Determine m(n).
-11
Let w(m) = m**3 - 8*m**2 + 3*m - 3. Let g(t) = 439*t - 3942. Let r be g(9). Give w(r).
105
Let f(t) = -t**3 - 20*t**2 - 25. Let n = -281 - -261. Give f(n).
-25
Let d(c) = -2*c**2 + 2*c + 3. Let b(t) = 4*t**2 - 3*t - 5. Let l(z) = z**2 - 13*z + 27. Let k be l(11). Let q(r) = k*d(r) + 3*b(r). Give q(-2).
6
Suppose 0 = -14*n - 54 + 152. Let m(z) = -z**3 + z + 